 o(22).
-432
Let z(a) = -782*a + 2499. What is z(4)?
-629
Let i(z) = -250*z - 15692. Determine i(-51).
-2942
Let l(s) = 5609*s - 297267. Give l(53).
10
Let b(v) = -v**3 - 58*v**2 - 418*v - 3949. Give b(-51).
-838
Let g(w) = w**3 + 13*w**2 + 6280*w + 101280. Determine g(-16).
32
Let x(i) = -22*i**3 + 25*i**2 - 72*i + 202. Calculate x(2).
-18
Let b(t) = 251*t - 35720. Calculate b(144).
424
Let b(j) = 16*j**2 + 5712*j + 5446. What is b(-356)?
-250
Let m(o) = 283*o + 5242. What is m(-19)?
-135
Let a(y) = -8*y**2 + 1833*y + 26961. Give a(243).
-12
Let u(z) = -960*z**2 - 8608*z + 260. What is u(-9)?
-28
Let x(r) = -3*r**3 + 39*r**2 - 851*r + 3661. Calculate x(5).
6
Let m(n) = 109*n**3 - 26*n**2 - 14*n - 10. Calculate m(-1).
-131
Let i(p) = -p**2 - 95*p - 1776. Give i(-50).
474
Let k(y) = -5*y**3 - 1422*y**2 - 656*y - 24802. Give k(-284).
190
Let z(c) = -c**2 + 297*c - 18106. Calculate z(85).
-86
Let k(j) = j**3 - 13*j**2 - 27*j + 230. Calculate k(3).
59
Let w(g) = -g**3 - 34*g**2 - 94*g - 167. Give w(-31).
-136
Let y(c) = -454*c**2 + 33*c - 53. Determine y(2).
-1803
Let j(y) = -27*y**2 - 452*y + 12870. Give j(15).
15
Let n(d) = -22*d**2 + 29*d + 311. Determine n(-7).
-970
Let s(q) = 2*q**2 - 10126*q - 40537. Calculate s(-4).
-1
Let n(h) = 45446*h + 908913. Give n(-20).
-7
Let q(l) = 1684*l**2 - 16878*l + 334. Give q(10).
-46
Let c(d) = 54773*d + 219109. Calculate c(-4).
17
Let c(h) = h**3 + 280*h**2 + 1936*h + 178. Give c(-7).
3
Let z(n) = -n**3 + 152*n**2 - 1807*n + 62. Give z(139).
62
Let w(j) = j**2 + 3854*j - 120378. Calculate w(31).
57
Let p(q) = -18563*q + 16428270. Determine p(885).
15
Let y(f) = -f**3 - 5*f**2 - 79*f - 239. What is y(-3)?
-20
Let z(x) = 17306*x - 398057. Determine z(23).
-19
Let y(n) = 324*n**2 + 3896*n + 91. What is y(-12)?
-5
Let u(q) = 1584*q - 26339. Give u(17).
589
Let t(f) = -f**3 - 15*f**2 - 658*f + 14681. What is t(14)?
-215
Let d(u) = -2273*u + 8533. Give d(3).
1714
Let y(n) = 26*n**3 + 2319*n**2 + 394*n - 4542. Determine y(-89).
-3
Let j(a) = 46162*a + 46164. Calculate j(-1).
2
Let n(p) = -p**3 + 40*p**2 + 118*p - 7058. Give n(39).
-935
Let f(j) = j**3 - 146*j**2 + 556*j - 337. Give f(142).
-2041
Let o(i) = -66955*i - 133943. Calculate o(-2).
-33
Let r(p) = 30*p**2 - 700*p - 697. What is r(-1)?
33
Let t(n) = 1613*n - 20994. Calculate t(13).
-25
Let t(s) = 106790*s + 1708623. Determine t(-16).
-17
Let z(d) = d**3 - 29*d**2 + 66*d + 542. Give z(26).
230
Let b(u) = 54724*u + 1970067. What is b(-36)?
3
Let m(v) = -31*v - 2881. Calculate m(-94).
33
Let r(w) = w**3 + 36*w**2 - 2108*w - 5585. Calculate r(33).
-8
Let q(v) = 8*v**3 + 31*v**2 - 1988*v - 7923. Calculate q(-4).
13
Let w(u) = 3557*u**2 + 32003*u - 49. Calculate w(-9).
41
Let h(b) = -611*b - 93302. Calculate h(-152).
-430
Let b(p) = 39*p**3 + 148*p**2 + 42*p + 123. Calculate b(-4).
-173
Let b(o) = 3*o**2 + 1804*o - 5409. Give b(3).
30
Let d(y) = 11*y**2 - 3949*y + 137279. Determine d(39).
-1
Let i(y) = 653*y**2 + 376*y - 377. What is i(1)?
652
Let b(o) = 1649*o + 21065. Calculate b(-13).
-372
Let m(w) = -174940*w - 3673725. Give m(-21).
15
Let u(p) = p**2 + 4914*p - 88772. Calculate u(18).
4
Let z(j) = 652*j + 54925. Give z(-83).
809
Let j(u) = 7786*u - 15566. Give j(2).
6
Let s(t) = -10*t**3 - 308*t**2 + 58*t + 90. Calculate s(-31).
214
Let o(w) = -173*w**3 + 5*w**2 - 36*w - 93. What is o(-2)?
1383
Let l(b) = 52*b**3 + 26313*b**2 + 572*b + 33399. Give l(-506).
3
Let k(l) = 6709*l + 47017. Calculate k(-7).
54
Let h(v) = 2*v**3 + 37*v**2 - 26*v - 982. Determine h(-20).
-1662
Let c(f) = 3*f**2 - 606*f - 62808. What is c(-75)?
-483
Let l(w) = 40*w**3 + 437*w**2 + 356*w + 4269. What is l(-11)?
-10
Let s(b) = 746*b + 1426. Give s(-2).
-66
Let g(v) = -427*v + 17540. What is g(41)?
33
Let n(y) = 19707*y + 315398. Give n(-16).
86
Let z(f) = 152*f - 81015. Give z(533).
1
Let d(u) = u**3 + 22*u**2 + 178*u + 3281. Determine d(-21).
-16
Let s(t) = 13*t**2 + 170*t + 322. Determine s(-11).
25
Let h(w) = -w**3 + 17*w**2 + 7127*w - 93344. What is h(13)?
-17
Let c(u) = 2*u**3 + 87*u**2 + 53*u - 322. Calculate c(-43).
-752
Let z(h) = -9*h**2 + 362*h + 2480. Calculate z(-6).
-16
Let z(k) = -k**2 - 96*k + 929. Determine z(13).
-488
Let m(r) = -3*r**3 + 5*r**2 - 2186*r - 4374. Give m(-2).
42
Let r(s) = 50*s**3 + s**2 + 7*s + 23. Calculate r(4).
3267
Let w(r) = -63*r**2 - 31102*r - 21205. Give w(-493).
-6
Let b(f) = 472*f**2 + 198*f - 191. Determine b(1).
479
Let z(a) = 22*a - 3140. Calculate z(108).
-764
Let g(b) = -5*b**2 + 39226*b + 117685. Calculate g(-3).
-38
Let c(y) = 312*y**2 + 228068*y - 2972. Determine c(-731).
-48
Let s(c) = 16208*c + 583456. Calculate s(-36).
-32
Let s(p) = -p**3 + 166*p**2 + 1827*p - 195007. Determine s(170).
-17
Let d(j) = -j**3 + 119*j**2 - 3273*j + 256. Calculate d(43).
41
Let c(d) = 12*d**2 - 444*d + 809. What is c(39)?
1745
Let d(m) = -2*m**3 + 99*m**2 - 73*m + 1088. Give d(49).
-88
Let u(k) = -44*k**2 - 99*k - 248. What is u(-3)?
-347
Let d(a) = -3*a**2 - 60*a - 588. Calculate d(-11).
-291
Let s(w) = -w**2 - 346*w + 79002. Calculate s(157).
31
Let v(f) = 121*f + 1440. Determine v(-14).
-254
Let c(u) = 706313*u - 2118944. What is c(3)?
-5
Let t(c) = 6005*c - 233911. Calculate t(39).
284
Let n(l) = -2*l**3 + 589*l**2 - 2314*l + 26. Give n(4).
66
Let i(p) = p**3 - 9*p**2 + 357*p - 2525. Determine i(7).
-124
Let p(h) = 183*h - 66637. Calculate p(366).
341
Let d(y) = y**2 + 63017*y - 945467. Determine d(15).
13
Let w(d) = -d**2 + 241*d - 10225. Calculate w(55).
5
Let d(u) = 129*u + 5767. Give d(-50).
-683
Let c(n) = 25444*n - 305332. Give c(12).
-4
Let f(a) = -a**2 + 2456*a + 5972233. Give f(-1507).
-8
Let o(u) = 305*u + 56899. Give o(-187).
-136
Let z(j) = -59*j**2 - 2190*j - 73. What is z(-37)?
186
Let o(d) = 398*d - 19646. What is o(52)?
1050
Let p(d) = 707*d**2 + 488541*d + 2737. Calculate p(-691).
-27
Let m(d) = d**2 + 21*d - 82. Determine m(14).
408
Let x(i) = -2616*i - 44368. Calculate x(-17).
104
Let z(v) = 471*v + 2709. Determine z(-6).
-117
Let z(i) = -31*i**2 + 320*i + 293. Determine z(11).
62
Let o(s) = 10438*s - 125304. What is o(12)?
-48
Let x(o) = 115*o**2 - 4708*o + 10. What is x(41)?
297
Let h(u) = 605*u - 74678. Give h(125).
947
Let n(b) = -b**2 - 126*b + 721. What is n(-132)?
-71
Let l(h) = 6*h**3 + 148*h**2 - 531*h + 861. Calculate l(-28).
49
Let a(h) = h**3 - 47*h**2 + 83*h + 6640. Calculate a(41).
-43
Let m(b) = 2*b**3 - 15*b**2 - 271*b - 17. Give m(16).
-1
Let m(n) = -n**2 - 832284*n - 5. Give m(0).
-5
Let v(w) = 2*w**3 + 41*w**2 - 1199*w + 826. Give v(-37).
12
Let q(l) = 3*l**3 + 3*l**2 - 49*l + 300. What is q(7)?
1133
Let p(y) = 81*y**2 - 481*y - 9028. Calculate p(-8).
4
Let j(n) = -761*n - 38785. What is j(-51)?
26
Let q(z) = z**2 - 26*z - 10804. What is q(118)?
52
Let c(a) = -a**3 + 306*a**2 + 1889*a + 69. Give c(-6).
-33
Let f(q) = 382*q + 25254. Calculate f(-68).
-722
Let r(c) = 1128*c**2 + 2390*c + 265. Give r(-2).
-3
Let c(k) = -37*k**2 - 2204*k + 4550. Calculate c(2).
-6
Let q(u) = 36207*u + 36206. What is q(-1)?
-1
Let o(p) = -7*p**3 - 6*p**2 - 262*p - 1595. Give o(-6).
1273
Let y(p) = 1349*p**2 + 812098*p - 21. What is y(-602)?
-21
Let w(g) = 3*g**2 + 462979*g - 925963. Calculate w(2).
7
Let q(h) = -128454*h - 1669904. Give q(-13).
-2
Let y(z) = z**2 - 89*z - 64108. Calculate y(-213).
218
Let i(s) = -5*s**2 - 1148*s - 7983. Give i(-7).
-192
Let l(b) = 2*b**2 + 80*b + 1183. Determine l(-14).
455
Let j(k) = 3*k**3 + 56*k**2 - 26*k - 463. What is j(-19)?
-330
Let g(d) = 8*d**2 - 13*d + 30. Calculate g(4).
106
Let g(w) = -410*w**2 + 6570*w - 146. Give g(16).
14
Let a(f) = f**2 - 6385*f + 3. Determine a(0).
3
Let y(o) = -o**3 - 64*o**2 - 1055*o - 3119. Give y(-39).
1
Let w(m) = -5990*m + 323493. Calculate w(54).
33
Let z(q) = -6*q**2 + 4103*q + 29815. Give z(691).
102
Let x(a) = -2*a**3 - 191*a**2 - 86*a + 842. Calculate x(-95).
-13
Let s(m) = 175412*m + 526240. Give s(-3).
4
Let w(y) = -19*y**2 + 4468*y + 19. Give w(0).
19
Let t(u) = -10*u**3 + 3625*u**2 - 9001*u + 373. What is t(360)?
13
Let j(w) = -w**3 + 78*w**2 + 1076*w - 1401. Give j(-13).
-10
Let v(d) = -d**3 + 181*d**2 + 4630*d + 12709. Calculate v(204).
61
Let k(x) = -x**2 + 1432*x + 50044. Determine k(-34).
200
Let q(z) = 27*z**3 - 92*z**2 + 31*z - 10. Determi